{"id":329,"date":"2025-02-21T21:42:03","date_gmt":"2025-02-21T21:42:03","guid":{"rendered":"https:\/\/finapsysmx.com\/?page_id=329"},"modified":"2025-04-30T05:25:07","modified_gmt":"2025-04-30T05:25:07","slug":"fdxml","status":"publish","type":"page","link":"https:\/\/finapsysmx.com\/index.php\/fdxml\/","title":{"rendered":"FDXML"},"content":{"rendered":"\t\t<div data-elementor-type=\"wp-page\" data-elementor-id=\"329\" class=\"elementor elementor-329\">\n\t\t\t\t\t\t<section class=\"elementor-section elementor-top-section elementor-element elementor-element-57dab27 elementor-section-boxed elementor-section-height-default elementor-section-height-default\" data-id=\"57dab27\" data-element_type=\"section\" data-e-type=\"section\">\n\t\t\t\t\t\t<div class=\"elementor-container elementor-column-gap-default\">\n\t\t\t\t\t<div class=\"elementor-column elementor-col-100 elementor-top-column elementor-element elementor-element-c5574ae\" data-id=\"c5574ae\" data-element_type=\"column\" data-e-type=\"column\">\n\t\t\t<div class=\"elementor-widget-wrap elementor-element-populated\">\n\t\t\t\t\t\t<div class=\"elementor-element elementor-element-5fcf9aa elementor-widget elementor-widget-heading\" data-id=\"5fcf9aa\" data-element_type=\"widget\" data-e-type=\"widget\" data-widget_type=\"heading.default\">\n\t\t\t\t<div class=\"elementor-widget-container\">\n\t\t\t\t\t<h2 class=\"elementor-heading-title elementor-size-default\">Descarga Masiva de XML\u200b<\/h2>\t\t\t\t<\/div>\n\t\t\t\t<\/div>\n\t\t\t\t\t<\/div>\n\t\t<\/div>\n\t\t\t\t\t<\/div>\n\t\t<\/section>\n\t\t\t\t<section class=\"elementor-section elementor-top-section elementor-element elementor-element-ef2a24c elementor-section-boxed elementor-section-height-default elementor-section-height-default\" data-id=\"ef2a24c\" data-element_type=\"section\" data-e-type=\"section\">\n\t\t\t\t\t\t<div class=\"elementor-container elementor-column-gap-default\">\n\t\t\t\t\t<div class=\"elementor-column elementor-col-100 elementor-top-column elementor-element elementor-element-5b0ccaf\" data-id=\"5b0ccaf\" data-element_type=\"column\" data-e-type=\"column\">\n\t\t\t<div class=\"elementor-widget-wrap elementor-element-populated\">\n\t\t\t\t\t\t<div class=\"elementor-element elementor-element-d8bd523 elementor-widget elementor-widget-text-editor\" data-id=\"d8bd523\" data-element_type=\"widget\" data-e-type=\"widget\" data-widget_type=\"text-editor.default\">\n\t\t\t\t<div class=\"elementor-widget-container\">\n\t\t\t\t\t\t\t\t\t<p><span style=\"color: #000000;\"><strong>Con FDXML <\/strong>&#8220;Simplifica tu contabilidad: Descarga, administra y controla masivamente tus XML directamente desde el portal del SAT. \u00a1Genera reportes en Excel con un solo clic!&#8221;<\/span><\/p><p><!--StartFragment --><\/p><ol><li><p><strong>&#8220;Optimiza tu tiempo y mejora tu gesti\u00f3n fiscal con nuestra herramienta: Descarga masiva de XML, administraci\u00f3n eficiente y reportes personalizados en Excel.&#8221;<\/strong><\/p><\/li><li><p><strong>&#8220;Haz que tu contabilidad sea m\u00e1s \u00e1gil y precisa. Descarga masivamente tus XML, admin\u00edstralos f\u00e1cilmente y genera reportes en Excel al instante.&#8221;<\/strong><\/p><\/li><li><p><strong>&#8220;Lleva el control total de tus XML emitidos y recibidos. Descarga masiva desde el SAT y transforma tu informaci\u00f3n en reportes claros y \u00fatiles.&#8221;<\/strong><!--StartFragment --><!--EndFragment --><!--StartFragment --><!--EndFragment --><\/p><\/li><li><strong>&#8220;Para los expertos en n\u00fameros: optimiza tu gesti\u00f3n fiscal con nuestra herramienta que simplifica la descarga, administraci\u00f3n y control de tus XML emitidos y recibidos.&#8221;<\/strong><\/li><\/ol><p><!--EndFragment --><\/p>\t\t\t\t\t\t\t\t<\/div>\n\t\t\t\t<\/div>\n\t\t\t\t\t<\/div>\n\t\t<\/div>\n\t\t\t\t\t<\/div>\n\t\t<\/section>\n\t\t\t\t<section class=\"elementor-section elementor-top-section elementor-element elementor-element-ba3c4af elementor-section-boxed elementor-section-height-default elementor-section-height-default\" data-id=\"ba3c4af\" data-element_type=\"section\" data-e-type=\"section\">\n\t\t\t\t\t\t<div class=\"elementor-container elementor-column-gap-default\">\n\t\t\t\t\t<div class=\"elementor-column elementor-col-100 elementor-top-column elementor-element elementor-element-fbe6df6\" data-id=\"fbe6df6\" data-element_type=\"column\" data-e-type=\"column\">\n\t\t\t<div class=\"elementor-widget-wrap elementor-element-populated\">\n\t\t\t\t\t\t<div class=\"elementor-element elementor-element-578177c elementor-widget elementor-widget-heading\" data-id=\"578177c\" data-element_type=\"widget\" data-e-type=\"widget\" data-widget_type=\"heading.default\">\n\t\t\t\t<div class=\"elementor-widget-container\">\n\t\t\t\t\t<h2 class=\"elementor-heading-title elementor-size-default\">Licencia Anual de FDXML<\/h2>\t\t\t\t<\/div>\n\t\t\t\t<\/div>\n\t\t\t\t\t<\/div>\n\t\t<\/div>\n\t\t\t\t\t<\/div>\n\t\t<\/section>\n\t\t\t\t<section class=\"elementor-section elementor-top-section elementor-element elementor-element-3dd8052 elementor-section-boxed elementor-section-height-default elementor-section-height-default\" data-id=\"3dd8052\" data-element_type=\"section\" data-e-type=\"section\">\n\t\t\t\t\t\t<div class=\"elementor-container elementor-column-gap-default\">\n\t\t\t\t\t<div class=\"elementor-column elementor-col-100 elementor-top-column elementor-element elementor-element-89d41bb\" data-id=\"89d41bb\" data-element_type=\"column\" data-e-type=\"column\">\n\t\t\t<div class=\"elementor-widget-wrap elementor-element-populated\">\n\t\t\t\t\t\t<div class=\"elementor-element elementor-element-fd05dfb elementor-widget elementor-widget-heading\" data-id=\"fd05dfb\" data-element_type=\"widget\" data-e-type=\"widget\" data-widget_type=\"heading.default\">\n\t\t\t\t<div class=\"elementor-widget-container\">\n\t\t\t\t\t<h2 class=\"elementor-heading-title elementor-size-default\">$999<\/h2>\t\t\t\t<\/div>\n\t\t\t\t<\/div>\n\t\t\t\t\t<\/div>\n\t\t<\/div>\n\t\t\t\t\t<\/div>\n\t\t<\/section>\n\t\t\t\t<section class=\"elementor-section elementor-top-section elementor-element elementor-element-34cba51 elementor-section-boxed elementor-section-height-default elementor-section-height-default\" data-id=\"34cba51\" data-element_type=\"section\" data-e-type=\"section\">\n\t\t\t\t\t\t<div class=\"elementor-container elementor-column-gap-default\">\n\t\t\t\t\t<div class=\"elementor-column elementor-col-100 elementor-top-column elementor-element elementor-element-b7d6a17\" data-id=\"b7d6a17\" data-element_type=\"column\" data-e-type=\"column\">\n\t\t\t<div class=\"elementor-widget-wrap elementor-element-populated\">\n\t\t\t\t\t\t<div class=\"elementor-element elementor-element-9b63855 elementor-grid-3 elementor-product-loop-item--align-center elementor-grid-tablet-3 elementor-grid-mobile-2 elementor-products-grid elementor-wc-products elementor-widget elementor-widget-woocommerce-products\" data-id=\"9b63855\" data-element_type=\"widget\" data-e-type=\"widget\" data-widget_type=\"woocommerce-products.default\">\n\t\t\t\t<div class=\"elementor-widget-container\">\n\t\t\t\t\t<div class=\"woocommerce columns-3 \"><ul class=\"products elementor-grid columns-3\">\n<li class=\"product type-product post-538 status-publish first instock product_cat-fdxml has-post-thumbnail sale downloadable virtual taxable purchasable product-type-simple\">\n\t<div class=\"product\">\n\t\t<div class=\"product-single\">\n\t\t\t<div class=\"product-img\">\n\t\t\t\t<a href=\"https:\/\/finapsysmx.com\/index.php\/producto\/licencia-anual-fdxml\/\" class=\"woocommerce-LoopProduct-link woocommerce-loop-product__link\">\t\t\t\t<a href=\"https:\/\/finapsysmx.com\/index.php\/producto\/licencia-anual-fdxml\/\">\n\t\t\t\t\t<img fetchpriority=\"high\" decoding=\"async\" width=\"710\" height=\"602\" src=\"https:\/\/finapsysmx.com\/wp-content\/uploads\/2026\/03\/WhatsApp-Image-2026-03-04-at-1.31.21-PM1-e1772678679655.jpeg\" class=\"attachment-post-thumbnail size-post-thumbnail wp-post-image\" alt=\"\" srcset=\"https:\/\/finapsysmx.com\/wp-content\/uploads\/2026\/03\/WhatsApp-Image-2026-03-04-at-1.31.21-PM1-e1772678679655.jpeg 710w, https:\/\/finapsysmx.com\/wp-content\/uploads\/2026\/03\/WhatsApp-Image-2026-03-04-at-1.31.21-PM1-e1772678679655-300x254.jpeg 300w, https:\/\/finapsysmx.com\/wp-content\/uploads\/2026\/03\/WhatsApp-Image-2026-03-04-at-1.31.21-PM1-e1772678679655-500x424.jpeg 500w\" sizes=\"(max-width: 710px) 100vw, 710px\" \/>\t\t\t\t<\/a>\n\t\t\t\t\n\t\t\t\t\n\t\t\t\t<div class=\"sale-ribbon\"><span class=\"tag-line\">Sale<\/span><\/div>\t\t\t\t\t\t\t\t<div class=\"product-action\">\t\t\t\n\t\t\t\t\t<\/a><a href=\"\/index.php\/wp-json\/wp\/v2\/pages\/329?add-to-cart=538\" aria-describedby=\"woocommerce_loop_add_to_cart_link_describedby_538\" data-quantity=\"1\" class=\"button product_type_simple add_to_cart_button ajax_add_to_cart\" data-product_id=\"538\" data-product_sku=\"\" aria-label=\"Add to cart: &ldquo;Licencia Anual FDXML&rdquo;\" rel=\"nofollow\" data-success_message=\"&ldquo;Licencia Anual FDXML&rdquo; has been added to your cart\">Add to cart<\/a>\t<span id=\"woocommerce_loop_add_to_cart_link_describedby_538\" class=\"screen-reader-text\">\n\t\t\t<\/span>\n\t\t\t\t<\/div>\n\t\t\t<\/div>\n\t\t\t<div class=\"product-content-outer\">\n\t\t\t\t<div class=\"product-content\">\n\t\t\t\t\t<div class=\"pro-rating\">\n\t\t\t\t\t\t\t\t\t\t\t<\/div>\n\t\t\t\t\t<h3><a href=\"https:\/\/finapsysmx.com\/index.php\/producto\/licencia-anual-fdxml\/\">Licencia Anual FDXML<\/a><\/h3>\n\t\t\t\t\t<div class=\"price\">\n\t\t\t\t\t\t<del aria-hidden=\"true\"><span class=\"woocommerce-Price-amount amount\"><span class=\"woocommerce-Price-currencySymbol\">&#036;<\/span>1,449.00<\/span><\/del> <span class=\"screen-reader-text\">Original price was: &#036;1,449.00.<\/span><ins aria-hidden=\"true\"><span class=\"woocommerce-Price-amount amount\"><span class=\"woocommerce-Price-currencySymbol\">&#036;<\/span>999.00<\/span><\/ins><span class=\"screen-reader-text\">Current price is: &#036;999.00.<\/span> <small class=\"woocommerce-price-suffix\">IVA incluido<\/small>\t\t\t\t\t<\/div>\n\t\t\t\t<\/div>\n\t\t\t<\/div>\n\t\t<\/div>\n\t<\/div>\n<\/li>\n<\/ul>\n<\/div>\t\t\t\t<\/div>\n\t\t\t\t<\/div>\n\t\t\t\t\t<\/div>\n\t\t<\/div>\n\t\t\t\t\t<\/div>\n\t\t<\/section>\n\t\t\t\t<section class=\"elementor-section elementor-top-section elementor-element elementor-element-f53ab27 elementor-section-boxed elementor-section-height-default elementor-section-height-default\" data-id=\"f53ab27\" data-element_type=\"section\" data-e-type=\"section\">\n\t\t\t\t\t\t<div class=\"elementor-container elementor-column-gap-default\">\n\t\t\t\t\t<div class=\"elementor-column elementor-col-100 elementor-top-column elementor-element elementor-element-d50a588\" data-id=\"d50a588\" data-element_type=\"column\" data-e-type=\"column\">\n\t\t\t<div class=\"elementor-widget-wrap elementor-element-populated\">\n\t\t\t\t\t\t<div class=\"elementor-element elementor-element-d76665b elementor-widget elementor-widget-button\" data-id=\"d76665b\" data-element_type=\"widget\" data-e-type=\"widget\" data-widget_type=\"button.default\">\n\t\t\t\t<div class=\"elementor-widget-container\">\n\t\t\t\t\t\t\t\t\t<div class=\"elementor-button-wrapper\">\n\t\t\t\t\t<a class=\"elementor-button elementor-button-link elementor-size-sm\" href=\"https:\/\/finapsysmx.com\/index.php\/tienda\/\">\n\t\t\t\t\t\t<span class=\"elementor-button-content-wrapper\">\n\t\t\t\t\t\t\t\t\t<span class=\"elementor-button-text\">Ver m\u00e1s<\/span>\n\t\t\t\t\t<\/span>\n\t\t\t\t\t<\/a>\n\t\t\t\t<\/div>\n\t\t\t\t\t\t\t\t<\/div>\n\t\t\t\t<\/div>\n\t\t\t\t\t<\/div>\n\t\t<\/div>\n\t\t\t\t\t<\/div>\n\t\t<\/section>\n\t\t\t\t<section class=\"elementor-section elementor-top-section elementor-element elementor-element-55ad612 elementor-section-boxed elementor-section-height-default elementor-section-height-default\" data-id=\"55ad612\" data-element_type=\"section\" data-e-type=\"section\">\n\t\t\t\t\t\t<div class=\"elementor-container elementor-column-gap-default\">\n\t\t\t\t\t<div class=\"elementor-column elementor-col-100 elementor-top-column elementor-element elementor-element-5c640e7\" data-id=\"5c640e7\" data-element_type=\"column\" data-e-type=\"column\">\n\t\t\t<div class=\"elementor-widget-wrap elementor-element-populated\">\n\t\t\t\t\t\t<div class=\"elementor-element elementor-element-9ea6068 elementor-widget elementor-widget-text-editor\" data-id=\"9ea6068\" data-element_type=\"widget\" data-e-type=\"widget\" data-widget_type=\"text-editor.default\">\n\t\t\t\t<div class=\"elementor-widget-container\">\n\t\t\t\t\t\t\t\t\t<div class=\"elementor-element elementor-element-33a67a7 elementor-widget elementor-widget-text-editor\" data-id=\"33a67a7\" data-element_type=\"widget\" data-widget_type=\"text-editor.default\"><div class=\"elementor-widget-container\"><p>*Las licencias solo se pueden activar en FDXML<\/p><\/div><\/div><div class=\"elementor-element elementor-element-29850d8 elementor-widget elementor-widget-text-editor\" data-id=\"29850d8\" data-element_type=\"widget\" data-widget_type=\"text-editor.default\"><div class=\"elementor-widget-container\"><p>La soluci\u00f3n para contadores y empresas que buscan facilidad contable sin l\u00edmites.<\/p><p><b>Descarga, administra y valida tus XML sin limites<\/b>, mientras creas informes personalizados para una mejor toma de decisiones.<\/p><\/div><\/div>\t\t\t\t\t\t\t\t<\/div>\n\t\t\t\t<\/div>\n\t\t\t\t\t<\/div>\n\t\t<\/div>\n\t\t\t\t\t<\/div>\n\t\t<\/section>\n\t\t\t\t<section class=\"elementor-section elementor-top-section elementor-element elementor-element-a2e4808 elementor-section-boxed elementor-section-height-default elementor-section-height-default\" data-id=\"a2e4808\" data-element_type=\"section\" data-e-type=\"section\">\n\t\t\t\t\t\t<div class=\"elementor-container elementor-column-gap-default\">\n\t\t\t\t\t<div class=\"elementor-column elementor-col-100 elementor-top-column elementor-element elementor-element-4da3874\" data-id=\"4da3874\" data-element_type=\"column\" data-e-type=\"column\">\n\t\t\t<div class=\"elementor-widget-wrap elementor-element-populated\">\n\t\t\t\t\t\t<div class=\"elementor-element elementor-element-f19839f elementor-widget elementor-widget-heading\" data-id=\"f19839f\" data-element_type=\"widget\" data-e-type=\"widget\" data-widget_type=\"heading.default\">\n\t\t\t\t<div class=\"elementor-widget-container\">\n\t\t\t\t\t<h2 class=\"elementor-heading-title elementor-size-default\">Requisitos m\u00ednimos de instalaci\u00f3n<\/h2>\t\t\t\t<\/div>\n\t\t\t\t<\/div>\n\t\t\t\t<section class=\"elementor-section elementor-inner-section elementor-element elementor-element-538d2c7 elementor-section-boxed elementor-section-height-default elementor-section-height-default\" data-id=\"538d2c7\" data-element_type=\"section\" data-e-type=\"section\">\n\t\t\t\t\t\t<div class=\"elementor-container elementor-column-gap-default\">\n\t\t\t\t\t<div class=\"elementor-column elementor-col-50 elementor-inner-column elementor-element elementor-element-9d9263a\" data-id=\"9d9263a\" data-element_type=\"column\" data-e-type=\"column\">\n\t\t\t<div class=\"elementor-widget-wrap elementor-element-populated\">\n\t\t\t\t\t\t<div class=\"elementor-element elementor-element-162636c elementor-widget elementor-widget-text-editor\" data-id=\"162636c\" data-element_type=\"widget\" data-e-type=\"widget\" data-widget_type=\"text-editor.default\">\n\t\t\t\t<div class=\"elementor-widget-container\">\n\t\t\t\t\t\t\t\t\t<ul><li><span style=\"color: #000000;\">S.O Windows 10 u 11<\/span><\/li><li><span style=\"color: #000000;\">JAVA<\/span><\/li><li><span style=\"color: #000000;\">Internet Explorer 10 u 11<\/span><\/li><li><span style=\"color: #000000;\">El sistema debe ejecutarse con permisos de administrador<\/span><\/li><li><span style=\"color: #000000;\">Contar con versi\u00f3n .NET Framework Actualizada\u00a0<\/span><\/li><li><span style=\"color: #000000;\">Resoluci\u00f3n de 1360\u00d7800<\/span><\/li><li><span style=\"color: #000000;\">Procesador x64 de m\u00e1s de 1 GHz<\/span><\/li><li><span style=\"color: #000000;\">Memoria 1 GB de RAM<\/span><\/li><li><span style=\"color: #000000;\">Espacio en disco de 100Mb m\u00e1s espacio para almacenamiento de XMLS<\/span><\/li><li><span style=\"color: #000000;\"><strong>No compatible con Linux ni MacOS<\/strong><\/span><\/li><\/ul>\t\t\t\t\t\t\t\t<\/div>\n\t\t\t\t<\/div>\n\t\t\t\t\t<\/div>\n\t\t<\/div>\n\t\t\t\t<div class=\"elementor-column elementor-col-50 elementor-inner-column elementor-element elementor-element-81f277f\" data-id=\"81f277f\" data-element_type=\"column\" data-e-type=\"column\">\n\t\t\t<div class=\"elementor-widget-wrap elementor-element-populated\">\n\t\t\t\t\t\t<div class=\"elementor-element elementor-element-23ed0dc elementor-widget elementor-widget-text-editor\" data-id=\"23ed0dc\" data-element_type=\"widget\" data-e-type=\"widget\" data-widget_type=\"text-editor.default\">\n\t\t\t\t<div class=\"elementor-widget-container\">\n\t\t\t\t\t\t\t\t\t<ul><li><span style=\"color: #000000;\">Disco en estado s\u00f3lido con espacio de 100 MB m\u00e1s espacio para almacenar XML<\/span><\/li><li><span style=\"color: #000000;\">4 GB de RAM o m\u00e1s<\/span><\/li><li><span style=\"color: #000000;\">Resoluci\u00f3n de 1360\u00d7800<\/span><\/li><li><span style=\"color: #000000;\">Procesador Core i3 equivalente o superior<\/span><\/li><li><span style=\"color: #000000;\"><strong>No compatible con Linux o MacOS<\/strong><\/span><\/li><\/ul>\t\t\t\t\t\t\t\t<\/div>\n\t\t\t\t<\/div>\n\t\t\t\t\t<\/div>\n\t\t<\/div>\n\t\t\t\t\t<\/div>\n\t\t<\/section>\n\t\t\t\t\t<\/div>\n\t\t<\/div>\n\t\t\t\t\t<\/div>\n\t\t<\/section>\n\t\t\t\t<\/div>\n\t\t","protected":false},"excerpt":{"rendered":"<p>Descarga Masiva de XML\u200b Con FDXML &#8220;Simplifica tu contabilidad: Descarga, administra y controla masivamente tus XML directamente desde el portal del SAT. \u00a1Genera reportes en Excel con un solo clic!&#8221; &#8220;Optimiza tu tiempo y mejora tu gesti\u00f3n fiscal con nuestra herramienta: Descarga masiva de XML, administraci\u00f3n eficiente y reportes personalizados en Excel.&#8221; &#8220;Haz que tu [&hellip;]<\/p>\n","protected":false},"author":1,"featured_media":0,"parent":0,"menu_order":0,"comment_status":"closed","ping_status":"closed","template":"","meta":{"om_disable_all_campaigns":false,"_monsterinsights_skip_tracking":false,"_monsterinsights_sitenote_active":false,"_monsterinsights_sitenote_note":"","_monsterinsights_sitenote_category":0,"footnotes":""},"class_list":["post-329","page","type-page","status-publish","hentry"],"_links":{"self":[{"href":"https:\/\/finapsysmx.com\/index.php\/wp-json\/wp\/v2\/pages\/329","targetHints":{"allow":["GET"]}}],"collection":[{"href":"https:\/\/finapsysmx.com\/index.php\/wp-json\/wp\/v2\/pages"}],"about":[{"href":"https:\/\/finapsysmx.com\/index.php\/wp-json\/wp\/v2\/types\/page"}],"author":[{"embeddable":true,"href":"https:\/\/finapsysmx.com\/index.php\/wp-json\/wp\/v2\/users\/1"}],"replies":[{"embeddable":true,"href":"https:\/\/finapsysmx.com\/index.php\/wp-json\/wp\/v2\/comments?post=329"}],"version-history":[{"count":58,"href":"https:\/\/finapsysmx.com\/index.php\/wp-json\/wp\/v2\/pages\/329\/revisions"}],"predecessor-version":[{"id":612,"href":"https:\/\/finapsysmx.com\/index.php\/wp-json\/wp\/v2\/pages\/329\/revisions\/612"}],"wp:attachment":[{"href":"https:\/\/finapsysmx.com\/index.php\/wp-json\/wp\/v2\/media?parent=329"}],"curies":[{"name":"wp","href":"https:\/\/api.w.org\/{rel}","templated":true}]}}